 - 2000. Calculate the highest common divisor of n and g.
10
Let l = -70 - -73. Suppose 2*y + l*c = 333, -3*y + 230 = 2*c - 267. Calculate the highest common factor of y and 15.
15
Let b(p) = -p**2 + 17*p - 21. Let m be b(15). Let w(h) = h**3 - 7*h**2 - 16*h + 9. Let n be w(m). Calculate the highest common divisor of n and 18.
9
Suppose 56 = p + 2*s, -3*p - 2*p + 290 = 5*s. What is the highest common divisor of p and 880?
20
Suppose -6*j + 74 + 58 = 0. What is the highest common factor of j and 176?
22
Let n(j) = -j**3 - 10*j**2 - 9*j + 3. Let w be n(-9). Let p = w + 0. Calculate the greatest common divisor of 33 and p.
3
Let k = -28 - -31. Suppose -k*b + 360 = -531. What is the greatest common factor of b and 33?
33
Suppose 0 = -7*j + 4*j + 81. Let y(r) = -2*r**3 - 4*r**2 + 3*r + 9. Let l be y(-3). What is the greatest common factor of l and j?
9
Let f = -6 - -33. Let x = 30 - f. What is the greatest common factor of 1 and x?
1
Suppose -r = -6*r - 385. Let d = -25 - r. Calculate the greatest common divisor of 130 and d.
26
Suppose r + 3*r - 192 = 0. Let f = 102 + -54. Let a = -36 + f. Calculate the greatest common factor of a and r.
12
Suppose 11*i = 9*i + 12. Suppose h - i*h = -70. Calculate the highest common factor of h and 7.
7
Let n = 126 + -60. Suppose -48 = -t + 4*t. Let d = -10 - t. Calculate the highest common factor of n and d.
6
Suppose 3*u - a - 5247 = 0, 4*a = 4*u - 6003 - 1001. Calculate the highest common divisor of 92 and u.
92
Suppose 0 = 3*p + 4*y - 737, 5*p + 3*y - 710 = 522. Calculate the highest common divisor of 95 and p.
19
Suppose 5*x + 0*x - 40 = 0. Suppose -x*i + i = -364. What is the greatest common factor of 13 and i?
13
Let n(v) = v - 9. Let f be n(9). Suppose -m = -42 - 198. Suppose f = -0*h - 5*h + m. What is the greatest common factor of 72 and h?
24
Suppose 0 = -4*p + 60 + 8. Calculate the greatest common factor of p and 17.
17
Let w = -10 - -26. Calculate the greatest common divisor of w and 2.
2
Let x = 51 - 11. Let l be 2*(-45)/x*-4. Suppose n - 45 = -4*n. Calculate the greatest common divisor of n and l.
9
Let u be (10/(-6))/(185/(-15318)). What is the greatest common factor of u and 46?
46
Let l(r) = 3*r**2 - 1. Let m = 4 - 7. Let a be l(m). Suppose -a = -11*k + 9*k. What is the highest common divisor of k and 26?
13
Suppose 0 = -2*p - 3*p + 40. Let j = 11 + -22. Let o be -2 + 2 - (j + 3). What is the greatest common divisor of p and o?
8
Let m = 498 - 417. Calculate the greatest common factor of m and 729.
81
Let y = 1844 - 1824. What is the greatest common divisor of 168 and y?
4
Suppose 4*f = 11*f. Suppose 2*k - 78 = -f*k. What is the highest common divisor of k and 52?
13
Suppose 0 = y + 2*j - 2112, j = -3*j - 8. What is the highest common divisor of y and 92?
92
Suppose c - 1332 = -17*c. Calculate the highest common factor of 1 and c.
1
Let v(c) = -4*c + 101. Let n be v(20). What is the highest common factor of n and 3?
3
Suppose -5*w + 47 = -58. Suppose -k = -w + 6. What is the highest common divisor of k and 135?
15
Let p(f) = 14*f**2 - 4*f + 2. Let m = -6 - -1. Let x be (2 - 0) + (-4 - m). Let v be p(x). Calculate the greatest common factor of 29 and v.
29
Let g be ((-67)/2)/(13/(-26)). Let i = g - 13. Calculate the highest common factor of 18 and i.
18
Let i = -84 - -102. What is the highest common divisor of i and 32?
2
Let m = 2 - 0. Let v(f) = 22*f**2 + m - 4 + 6*f - 8*f. Let u be v(-1). What is the highest common divisor of 154 and u?
22
Suppose 69*v - 66*v - 87 = 0. Suppose -346 = -4*k + 118. Calculate the highest common divisor of v and k.
29
Let l be 0 + (0 - -234) + 0. Suppose 19*s + 14*s = 1287. What is the greatest common factor of s and l?
39
Suppose -1288 - 1334 = -19*n. What is the greatest common divisor of 46 and n?
46
Let l be -1*(-1 - 0) + -95. Let b = l - -174. Suppose 3*a - 47 = -r, 0 = -4*a - a + 4*r + 84. Calculate the greatest common divisor of a and b.
16
Let l = -21 + 41. Let j(t) = -1 + 3 + 4 - 1 - 15*t. Let k be j(-5). What is the highest common divisor of l and k?
20
Let c = 92 + -84. Suppose -c*g = -6*g - 110. Calculate the greatest common divisor of g and 22.
11
Let u = 108 + -64. Let p = 74 - u. Suppose -b + 0 = -3. What is the greatest common factor of p and b?
3
Suppose 117*h - 114*h - 216 = 0. Suppose -4*r + b = 51, 3*b - 36 + 93 = -3*r. Let c = -5 - r. Calculate the highest common divisor of c and h.
9
Let d be 245/7*(3 + 15/(-35)). Calculate the highest common factor of d and 990.
90
Let d(s) = 73*s**3 + 2*s**2 - 4*s + 3. Let w be d(1). Calculate the highest common factor of w and 111.
37
Suppose 4*f - 17 = 11. Let v(m) = 11*m - 8. Let p be v(2). What is the highest common divisor of f and p?
7
Let q = 46 + -41. Calculate the highest common factor of q and 80.
5
Let y = 19 + -13. Suppose -90 = 3*q - y*q. Let d(n) = n**3 - 13*n**2 - 15*n + 20. Let h be d(14). What is the highest common factor of h and q?
6
Let f = -7 - -33. Let s = 11 - 9. Suppose 41 = 3*h - 2*o, -3*h + 36 = s*o + o. Calculate the greatest common factor of h and f.
13
Let r(b) = 7 + b**3 + 10*b - 14 + 13*b**2 + 0*b**3. Let q be r(-12). What is the highest common divisor of q and 17?
17
Let l be 7 + -9 + 59 - -1. What is the greatest common divisor of 232 and l?
58
Let t(z) = 18*z - 75. Let n be t(6). Let x = 181 - 16. Calculate the greatest common divisor of x and n.
33
Suppose 4*v - 3*t + 4*t + 150 = 0, -101 = 3*v - 5*t. Let z = 40 - v. Let p = -617 + 628. Calculate the greatest common factor of p and z.
11
Let y be (-3)/((-3)/851) - 1. Suppose -5*o + y = -4*s, -o + 2*s + 170 = -0*o. Let n = -8 - -76. What is the highest common divisor of n and o?
34
Let o be (-4)/(-12) - 39/9. Let s = 10 + o. Calculate the highest common factor of s and 4.
2
Let w be -6 - (-229 + (-6)/3). What is the highest common factor of 25 and w?
25
Let x be 2534/6 + -1 + (-156)/117. What is the highest common factor of 21 and x?
21
Suppose 4*g - 213 - 411 = 0. Calculate the greatest common divisor of 12 and g.
12
Let u = -126 + 181. Let n = 3404 + -3393. What is the greatest common divisor of n and u?
11
Let s(h) = 11*h - 79. Let g be s(10). Calculate the highest common factor of 527 and g.
31
Let x = -697 - -763. Calculate the highest common factor of x and 66.
66
Let a(c) = -30*c**3 + 2*c**2 + 1. Let o be a(-1). Calculate the greatest common factor of 88 and o.
11
Let l be (-3)/11 - 9045/(-737). Calculate the highest common factor of l and 12.
12
Suppose 6*a = 8*a + 2*u - 46, 0 = a + 3*u - 17. What is the highest common divisor of a and 39?
13
Let n(r) = 5*r + 26. Let k be n(-10). Let z be (90/21)/(k/28 - -1). What is the greatest common divisor of 15 and z?
15
Suppose 34 + 44 = 3*x. Let n(f) be the first derivative of -2*f**4 - f**3/3 - 3*f**2/2 - f - 6. Let g be n(-2). What is the greatest common factor of x and g?
13
Suppose -10*j + 9*j = 37. Let f = j - -76. Calculate the greatest common factor of 26 and f.
13
Let t(n) = n**3 - 8*n**2 - n + 10. Let g be t(10). Suppose -8*w + 350 + 290 = 0. Let u = g - w. What is the highest common factor of 24 and u?
24
Let r = 832 + -796. What is the highest common divisor of r and 468?
36
Let l be 4/(-14) - 144/(-14). Let d = -3106 - -3110. Calculate the highest common divisor of d and l.
2
Suppose 102 = l - h - 40, -582 = -4*l - 3*h. Let i be (1 + 0)*(24 - 6). What is the greatest common factor of i and l?
18
Suppose -102 = -6*j + 8*j. Let v be j/((-6)/(-2)*-1). What is the highest common divisor of 51 and v?
17
Let c be 1 - (2/1 + -1). Let z be -2 + (-2 - (6 - 12)). Suppose c = -y + z*y - 15. Calculate the greatest common factor of 15 and y.
15
Suppose 0 = 16*a - 20*a + 4. Let x(w) = 2 - 3 - 3*w - a + 2*w. Let f be x(-12). What is the greatest common divisor of 15 and f?
5
Let r = 2 - -6. Suppose -4*o - 12 = -4*d + r, 3*d - 4*o = 17. Calculate the highest common factor of 21 and d.
3
Suppose 0 = 81*k - 26*k - 550. Let n(t) = t**3 - 4*t**2 + 6*t - 4. Let c be n(4). Calculate the greatest common divisor of c and k.
10
Let s(q) = -q**3 + 17*q**2 - 16*q - 2. Let m be s(16). Let o(a) = 11*a**2 + 2*a + 2. Let x be o(m). Calculate the greatest common factor of 14 and x.
14
Suppose 2*g + 17 - 5 = 0. Let s be 1/g*-3*0. Suppose s*o = 2*o - 10. What is the highest common divisor of 2 